rime factors of u(m)?
7
Suppose 2*u = 0, -5*u + 180 = w + 4*w. Suppose 9*q - 4*q - 134 = -2*p, 5*p - w = -q. What are the prime factors of q?
2, 13
Let a(t) = t**3 + 2*t + 1. List the prime factors of a(3).
2, 17
Let n(v) be the first derivative of -v**3/3 + 9*v**2/2 - 2*v - 2. Suppose 2*q + 1 - 15 = 0. What are the prime factors of n(q)?
2, 3
Let h be (1 - (-1)/(-3))*45. Let a be -1*(-2 - 3) + -2. Suppose -5*m = 5*g - h, -5*m - g = a*g - 29. List the prime factors of m.
5
What are the prime factors of (-276)/(-54)*21 + 2/3?
2, 3
Let r(q) = 256*q**2 - 8*q + 7. List the prime factors of r(1).
3, 5, 17
Let h(p) = -p**3 + 2*p**2 + 1. What are the prime factors of h(-2)?
17
Suppose 7 = -q - 9. Let a be ((-4)/2)/(8/q). Suppose 0 = 3*t - a*x - 24, x + 14 = -3*t + 38. What are the prime factors of t?
2
Suppose 0 = -4*m + 5*m - 1. Let r be (-12)/(-4) + m + -2. Suppose -19 = -r*p + 3. List the prime factors of p.
11
Let z = 0 + 16. Let h(c) = 3*c - 6. Let k be h(4). Let u = z - k. List the prime factors of u.
2, 5
Let x = -12 + 0. Let h = x - -37. What are the prime factors of h?
5
Suppose a - 6*a = -4*k - 38, -k - 2 = -5*a. Let s be k/30*2*-5. Suppose -g = -5*x + 8, x = -s*g - 3*x + 88. What are the prime factors of g?
17
Let r(p) = 3*p - 2*p - p + p**3 + 3 - 4*p**2. List the prime factors of r(4).
3
Let c = -44 - -89. Suppose 0 = -4*z - c + 161. List the prime factors of z.
29
Let b = -26 + 9. Let p = 0 - b. List the prime factors of p.
17
Suppose -4 = -t, 6 = 3*b - t + 1. Suppose -4*a = 2*i - 28 - 6, 4*a = -b*i + 51. What are the prime factors of i?
17
Let x = 314 + -184. What are the prime factors of x?
2, 5, 13
Suppose -s + 12 = -2*s. What are the prime factors of s/10*10/(-2)?
2, 3
Let t = 23 - 16. Let u(c) = -c**2 + 9*c + 3. List the prime factors of u(t).
17
Suppose -5*u + 8*u - 15 = 0. Suppose -101 + 26 = -u*n. List the prime factors of n.
3, 5
Let j be (3/(-4))/(1/(-4)). Let s be 2/j - (-14)/6. Suppose s*h = 2*h + 10. List the prime factors of h.
2, 5
Let n(v) = v - 4. Let m be n(8). Suppose u - 3*i = -5*i + 11, m*u + i - 58 = 0. What are the prime factors of u?
3, 5
Let a(o) = -15*o - 19. List the prime factors of a(-8).
101
Let x(m) be the first derivative of 3*m**2/2 - 12*m + 6. Suppose 0 = 5*n + 5 - 45. What are the prime factors of x(n)?
2, 3
Let p(k) = -k**2 + 12*k - 28. What are the prime factors of p(7)?
7
What are the prime factors of ((-7)/((-112)/200))/(2/4)?
5
Let w be 0*((-5)/(-2) - 2). Suppose w = -3*o - 2*o + 20. List the prime factors of 0 - -12 - o/4.
11
Suppose c - 38 = -9. What are the prime factors of c?
29
Let t(j) = j - 54. Let p be t(0). List the prime factors of (9/6)/((-3)/p).
3
Suppose -4*l + 2*z = -180, -5*l + 2*z = -3*z - 235. What are the prime factors of l?
43
Let c(v) = -6*v**3 - v**2. Let w be c(-1). Suppose -w*q - 21 = 24. List the prime factors of (-75)/q - (-6)/9.
3
Suppose 4*b - 379 = b - 5*w, -259 = -2*b + 3*w. List the prime factors of b.
2
Suppose -19 = -4*w + q - 6, -5*w + 4*q + 30 = 0. Let l = -7 - w. What are the prime factors of (-18)/(l/6 - 0)?
2, 3
Let y(b) = -b**2 + 2. Let q be y(-2). Let j(o) = o**3 + 4*o**2 + 3*o + 3. List the prime factors of j(q).
5
Let q be (36/14)/(3/42). Let w = q - 16. What are the prime factors of w?
2, 5
Suppose 0*o + 4*o - 184 = 0. Suppose -c + 5*t - 12 = 0, -c - c = 4*t - o. What are the prime factors of c?
13
Suppose 0*u - 4*u = -12. Suppose 0*h + u*h - 15 = 0. List the prime factors of h.
5
Let m = 3 + 1. Suppose q = -0 + m. Suppose u - 1 = q. List the prime factors of u.
5
Let l(c) = -c**3 - c**2 + 2*c - 4. List the prime factors of l(-3).
2
Suppose 0 = f - 5*u + 20, -8*f - 2*u = -3*f - 8. Suppose f - 4 = -j. What are the prime factors of j?
2
Let a = 125 - 62. What are the prime factors of a?
3, 7
Let b(q) = 2*q**2. Let g be b(-2). Let l = 20 - g. What are the prime factors of l?
2, 3
What are the prime factors of (2 - 3) + 23 - -1?
23
Let z(x) = x**3 - 4 + 4 + 7*x**2 + 5*x + 1. Suppose 1 - 7 = n. What are the prime factors of z(n)?
7
Let w be (1 - 0)*4*4. Suppose 0 = 5*q + 5 - 35. Let b = w - q. What are the prime factors of b?
2, 5
Let p(x) = -4*x + 18. What are the prime factors of p(-25)?
2, 59
Suppose p + 22 = -4*y, y + 4*y = -3*p - 31. Let r = y - -23. List the prime factors of r.
2, 3
Let f(w) be the third derivative of -w**6/120 - w**5/30 + w**4/12 + 5*w**3/6 - w**2. List the prime factors of f(-4).
29
Let i(a) = 2*a**3 - 19*a**2 + 17*a + 5. Let g(y) = -y**3 + 10*y**2 - 9*y - 2. Let j(s) = 7*g(s) + 4*i(s). What are the prime factors of j(5)?
2, 3
Let x(j) = 3*j - 3. Let k(f) = 2*f - 4. Let i be k(3). Let p be x(i). Let q = p - -3. List the prime factors of q.
2, 3
Suppose -a - 2*g = -340, -2*a + 339 = -a + 3*g. What are the prime factors of a?
2, 3, 19
Suppose m - 12 = -3*m. Suppose 4*d + u - 28 = 63, 4*u = m*d - 54. List the prime factors of d.
2, 11
Suppose -8 = -4*r, 2*n - 2*r = 5*n - 10. What are the prime factors of (n + 0 - -1) + 2?
5
Let u = -6 + -2. List the prime factors of (-102)/4*u/12.
17
What are the prime factors of 356*((-6)/(-15) - 2/(-20))?
2, 89
Let s(f) = 7*f - 16. What are the prime factors of s(6)?
2, 13
Let j(k) = k**2 - 6*k + 1. List the prime factors of j(-5).
2, 7
Let d = -10 - -14. Suppose 11 = -d*a - 1, -3 = 3*v + 4*a. Suppose 8 = i + v*i. What are the prime factors of i?
2
Let s = -3 + -13. Let l be 1 - (26 + (-2)/2). Let i = s - l. What are the prime factors of i?
2
Let s = 83 + -38. List the prime factors of s.
3, 5
Let v(o) = o**3 - 4*o**2 + 6*o - 5. Let q be v(5). List the prime factors of (-8)/(-12) + q/6.
3
Let y = 60 - 6. Let m = y + -4. What are the prime factors of m?
2, 5
Let j = -50 + 94. List the prime factors of j.
2, 11
Let r(k) = k**3 + 6*k**2 - k. Let w be r(-6). List the prime factors of 267/w - 8/(-16).
3, 5
Suppose 9*s - 7*s + 4 = 0. List the prime factors of 5 + 1 + 4/s.
2
Let r(q) = 6*q**3 + 34*q**2 - 55*q + 5. Let v(j) = j**3 + 7*j**2 - 11*j + 1. Let x(f) = 2*r(f) - 11*v(f). What are the prime factors of x(8)?
23
Suppose 10*v - 5*v = 340. List the prime factors of v.
2, 17
Suppose 4*h = 4*a + a - 124, -a = -5*h - 29. What are the prime factors of a?
2, 3
List the prime factors of 1317/7 - ((-216)/(-42) - 5).
2, 47
Let x be 2/(-7) - 37/(-7). Suppose -a - x*t = -0*a + 1, -4*t - 5 = a. What are the prime factors of 2*(a/(-6) - -2)?
11
Let d be (-4)/3*(-3)/2. Suppose -24 = -3*k + u - 2, -d*k + 28 = -4*u. List the prime factors of k.
2, 3
Let v(q) = q**3 + 6*q**2 + 2*q - 7. Let k be v(-5). Let m = k - -4. What are the prime factors of m?
2, 3
Let z be (1 + -2 + 2)*2. Suppose -5*q = -8 - z. Suppose -2*p = -7*p, -r + 11 = -q*p. List the prime factors of r.
11
Let i = 6 - 0. List the prime factors of i.
2, 3
Let v = 57 - 5. List the prime factors of v.
2, 13
Let b be (-1)/(-3) - (-406)/(-21). Let t = 2 - b. List the prime factors of 1/(3/t*1).
7
Let j = 15 - 10. Suppose -j*c + 105 = -0*c. List the prime factors of c.
3, 7
Let t(n) be the third derivative of n**5/30 - n**4/8 - n**3/3 - 3*n**2. What are the prime factors of t(4)?
2, 3
Let i be 4*-2*6/(-12). Let y(w) = 2*w**2 - 3*w + 3. Let p be y(2). Suppose 6*q - i = p*q. List the prime factors of q.
2
Suppose -2*l = 3*x + l - 18, 3*x - 3*l = -6. Let h = -3 + x. Let f = 3 + h. What are the prime factors of f?
2
Suppose 14 = u + 5. Suppose 3*y = -3*r + u, y + 4*r = -y - 2. List the prime factors of y.
7
Let q be 1*2 + 12/3. Suppose 2*r = q, -r - 23 = -l - 4*r. What are the prime factors of l?
2, 7
Suppose -5*q = -1970 + 650. What are the prime factors of q?
2, 3, 11
Let z(h) = h**2 + 2*h. What are the prime factors of z(8)?
2, 5
Suppose -6 = -2*m - m. Suppose 68 = m*l + 2*l. What are the prime factors of l?
17
Let h = 31 - -162. What are the prime factors of h?
193
Let p = -7 - -12. Suppose -p*j - 5*b = -40, 43 + 25 = 5*j - 2*b. List the prime factors of j.
2, 3
Suppose 2*u + 4*m + 5 + 5 = 0, -3*m = 2*u + 5. Suppose -4*p + 3 = 5*w, 0 = -u*w - 0 - 5. List the prime factors of p.
2
Let t = 55 - 25. What are the prime factors of t?
2, 3, 5
Suppose -4*f = s - 50 - 90, -s + 68 = 2*f. List the prime factors of f/(-14)*(-9 + 2).
2, 3
List the prime factors of (376/(-10))/(-5 - 511/(-105)).
2, 3, 47
Let y = -81 + 114. Suppose y = z + 8. List the prime factors of z.
5
Sup